57*w/2?
9
Let u(s) = s**3 - 7*s**2 + 9*s - 15. Let w be u(7). Suppose -v + w = -24. What is the tens digit of v?
7
Let b = -4 + 6. Let t be 5/(43/21 - b). Suppose 2*v + 2*j + 3 = t, 2*v - 3*j - 82 = 0. What is the tens digit of v?
4
Let o(t) = 2*t**2 - 3 + 1 - 2*t**2 + t**2 - 4*t. Let q be o(5). Suppose -2*m + 63 = -5*d, -2*d = -q*m - m + 102. What is the tens digit of m?
2
Let y = -231 + 109. Let d = y - -196. What is the tens digit of d?
7
What is the hundreds digit of (2/(-2))/(9618/2406 + -4)?
4
Suppose 5*c = 3*p - 8216, -3*p - c = 2*c - 8208. What is the tens digit of p?
3
Suppose 0 = -2*r + 4*r - 480. Suppose 0 = -5*d + d + r. What is the units digit of d?
0
Suppose -w + 4*v = -4*w + 10, 3*w + 5*v - 8 = 0. Let c = w - 3. What is the units digit of 1*(6*19)/c?
8
Let u be (-5)/((-15)/9) + 13. Let z = 53 + u. What is the tens digit of z?
6
Suppose -2028 = -0*t - 39*t. What is the units digit of t?
2
Let p(m) = 32*m - 226. What is the thousands digit of p(53)?
1
Let t = -250 - -2277. What is the hundreds digit of t?
0
Let r(x) = -x**3 + x**2 + 5*x - 4. Let k be r(1). Suppose 4*i = 3*a - 8, -i - 11 - k = -2*a. What is the units digit of a?
8
Suppose -5*a = 3*p - 3*a + 77, -4*a = 2*p + 38. Let m = -24 - p. What is the units digit of m?
5
Suppose -864 = -4*s - 2*q + 3*q, 0 = 3*s - 2*q - 648. What is the units digit of s?
6
Suppose 5*u + 2*y = 2469, 0 = 6*u - 2*u + y - 1977. What is the units digit of u?
5
Let x be ((-22)/4)/(1/(-74)). Suppose 4*s - x - 77 = 0. Suppose 200 = 4*t + 3*a, -t + s = 2*t - 5*a. What is the units digit of t?
7
Suppose -3*w = -2*d + 4*d - 78, -4*w = -d - 115. Suppose -195 = w*c - 31*c. What is the tens digit of c?
6
Suppose 223 = 3*w - 11. Suppose -w = -3*u - 18. What is the units digit of 3*u/(-12)*-1?
5
Suppose 3*k - 5*q - 25 = 0, k + 5*q + 5 + 0 = 0. Suppose k*o = -0*o + 20. Suppose -2*a - 4*t - 10 = 0, o*a = -a - 3*t + 3. What is the units digit of a?
3
Let d = 353 - 287. What is the tens digit of d?
6
Let w be 4/(-18) + (-87)/(-27). Suppose 0 = w*o + 3*b - 15, -5*b = -2*o + 4 - 15. Suppose 4*r = -3*y + 73, 0*r - 54 = -3*r - o*y. What is the units digit of r?
6
Suppose -3*s - 2*f + 1482 = 2*s, -4*f - 910 = -3*s. What is the units digit of s?
8
Let r(h) = -29*h - 219. What is the hundreds digit of r(-58)?
4
Let l = 23 - 17. What is the units digit of 84/l - (0 + 1)?
3
Let q(m) = 3*m + 184. What is the units digit of q(-13)?
5
Let w(o) = -o + 672. Let n be w(0). Suppose -c + 954 = 4*r + 58, -5*c - n = -3*r. What is the units digit of r?
4
What is the tens digit of 252/(-24)*(-1)/((-9)/(-246))?
8
Let l = -326 + 743. What is the hundreds digit of l?
4
Let u(k) = -11*k - 71. What is the units digit of u(-12)?
1
Suppose 0 = 3*s + 2*s - 3*d - 53, 5*s - 47 = -3*d. Let r = -15 + s. What is the tens digit of 16 + -1 + 5 + r?
1
Suppose 2*c = -4*g + 4, -5*g + 9 + 11 = -5*c. Suppose -99 = -h - 3*y, 311 - 3 = 3*h - g*y. What is the tens digit of h?
0
Suppose -87620 - 17542 = -34*x. What is the thousands digit of x?
3
Suppose 2*a + 1323 = 2*o + 5*a, 0 = 2*o + a - 1321. What is the units digit of o?
0
Suppose 3*k + 12 = -3*q, 8*q + 16 = 3*k + 4*q. Suppose -j - 4 = -0*j - 2*m, -3*m = 4*j - 17. What is the units digit of (6 - (k - 0)) + j?
8
What is the hundreds digit of 143 - (-11 - (-29 - -7))?
1
Let z(c) be the first derivative of -8*c**2 - 51*c + 45. What is the tens digit of z(-17)?
2
Let v(z) = -47*z**3 + z**2 - 8*z - 1. Let r be v(-4). Suppose -18*o + r = -5*o. What is the tens digit of o?
3
Suppose 5*h - 18 = -z, -h + 0*z = -2*z + 3. Suppose -h*w + 382 - 140 = -2*u, u = -2*w + 166. Suppose 5*a - w = 48. What is the tens digit of a?
2
What is the units digit of (-6*(-8)/24)/((-2)/(-8))?
8
Let y(m) = 3*m + 5. Let c be y(-2). Let d be c*1/(2/(-12)). Suppose -d - 10 = -2*k. What is the units digit of k?
8
Let r(n) = n + 4. Let u be -2 - -1 - (1 + -4). What is the units digit of r(u)?
6
Suppose -31 = 5*f + w + 3*w, -f - 5*w - 2 = 0. What is the hundreds digit of f - -5 - (684/(-4) + 3)?
1
Let p(a) = 9*a**2 - a - 2. Let y be p(-1). Let o be 644/(-21)*(-1 - y). Suppose -o = -m - 5*m. What is the tens digit of m?
4
Suppose -2*j + 2745 - 901 = 0. What is the units digit of j?
2
Let i(n) = -2*n - 5. Let s be i(-4). Suppose t = s*t - 70. What is the tens digit of t?
3
Let x(v) = 4*v + 26. Let m be x(7). Suppose -4*n - m = -7*n. What is the units digit of n?
8
Suppose 11*u + 57 = 14*u. Let i(m) = 6*m + 15. What is the tens digit of i(u)?
2
Let z = 7 - -3. Suppose 2*u - 14 = z. Let l = 14 - u. What is the units digit of l?
2
Let m(n) = -n**2 - 4*n + 4. Let s be m(-3). Let k = s - 7. Suppose k = z - 5*z + 12, 5*z = u. What is the tens digit of u?
1
Suppose 5*l - 14 = -d - 4, -5*l - 5*d = -10. Suppose 2*s + 3*h - 240 = 0, s - 93 = l*h + 34. What is the tens digit of s?
2
Suppose 3*m - 8 - 13 = 0. Suppose q - m + 0 = 0. Let a = q + 48. What is the units digit of a?
5
What is the thousands digit of (52666/204)/(((-7)/6)/(-7))?
1
Suppose 2*g - o = -3*o - 130, -o = -2*g - 118. Let n = -152 + 244. Let z = g + n. What is the units digit of z?
1
Let v(b) = 14*b**2 - 39*b + 7. What is the hundreds digit of v(8)?
5
Suppose 5*z - 491 - 1549 = 0. Suppose 10*g - z - 122 = 0. What is the tens digit of g?
5
Suppose -6*h = -5*h + 97. Let a = 137 + h. What is the units digit of a?
0
Let b = 1995 + -549. What is the hundreds digit of b?
4
Suppose 25*f - 2508 = 7817. What is the tens digit of f?
1
Suppose 26*v - 25215 + 4571 = 0. What is the tens digit of v?
9
Let l be (1 - 3) + (8 - -5). Suppose -4*u + 133 = -3*n - l, -108 = -3*u + 3*n. Suppose 0*c - 37 = -3*v - c, 0 = -4*v + 2*c + u. What is the units digit of v?
1
Suppose 5*o + 4*r + 35 = 0, 5*o - 3*r = -8*r - 40. Let g(v) = -7*v**3 - 6*v**2 + v + 4. What is the hundreds digit of g(o)?
1
Suppose 750 = -6*l + l. Let x = 79 + l. Let t = -36 - x. What is the units digit of t?
5
Suppose 2*i - 189 = 5*v, v + 154 = 2*i - 15. What is the tens digit of i?
8
Suppose -2*i + 3 = -5*c, -4*i - 3*c + 69 = -2. Suppose 7 = 2*t - 5*k - 33, 4*k - i = -3*t. What is the units digit of (-4)/t - 192/(-5)?
8
Suppose 144 = -3*z - 54. What is the units digit of (0 + 2 - z)*(3 - 2)?
8
Suppose -j = -4*j + 120. What is the hundreds digit of (-4)/j*-5 + 367/2?
1
Let i be 9/(1*(-3 - (-116)/38)). Suppose -4*c - i = -751. What is the units digit of c?
5
Let f = -1 - 21. Let n = f - -38. Suppose -174 = -5*d + n. What is the units digit of d?
8
Let i(f) = f**3 - 11*f**2 - f + 9. What is the tens digit of i(14)?
8
Suppose -4*w = 6*w - 5810. What is the tens digit of w?
8
Let d be (-2)/6 + (-1)/(-9)*129. Suppose d*y = 11*y + 780. What is the units digit of y?
0
Let w(c) = c**3 - 2*c**2 - 2*c + 2. Let p be w(5). Suppose 0 = -2*q + 3*q - p. What is the tens digit of q?
6
Let p(t) be the third derivative of -t**9/10080 - t**6/720 - t**5/60 - 4*t**2. Let k(u) be the third derivative of p(u). What is the units digit of k(-1)?
5
Suppose -3 = 2*m + 9. Let o = m + 33. What is the units digit of o?
7
Let s(k) = -4*k - 1. Let l(i) = -3*i - 16 + 3*i + i. Let u be l(13). What is the units digit of s(u)?
1
Let x(y) = -y**2 + 62. Let j(w) = -w - 17. Let c be j(-17). What is the tens digit of x(c)?
6
Suppose 3712 = 4*w + 4*w. Suppose -2*z + w = 7*m - 5*m, 0 = -3*m - 5*z + 706. What is the units digit of m?
7
Suppose 481 = 3*v - 4*j - 117, 788 = 4*v - 3*j. What is the hundreds digit of v?
1
Suppose 233*o = 229*o + 5624. What is the hundreds digit of o?
4
Let i be (-2)/(-5) + (-3133)/(-5). Let p be ((-2)/(-4))/(23/138). What is the tens digit of 1/p*i/11?
1
Let l(t) = t + 6. Let b be l(27). Let d = b - -127. What is the units digit of d?
0
Suppose 0 = -5*c - 5*t, -2*t + 3*t = -5*c + 20. Suppose 2*l + 4 = 0, -c*l - 193 = -k - l. What is the tens digit of k?
8
Suppose -1 - 3 = -2*n. Suppose -n*p - 3*p = 0. Suppose 0 = -p*j + 2*j - 30. What is the tens digit of j?
1
Let w = -24 - 8. Let n = w - -33. What is the units digit of (-6)/((-4)/(n + 47))?
2
Suppose -16*u = -8*u - 19608. What is the units digit of u?
1
Let y = 4 - 14. What is the tens digit of (y/(-25))/((-1)/(-80))?
3
Let t be 488 + (0 - (6 - 5)). Suppose 3*n + 502 = 8*n - 4*r, 5*n + r - t = 0. What is the units digit of n?
8
What is the tens digit of -1 - -64 - 255/51?
5
Suppose 8*l + 90 = -86. 